What are the prime factors of 879233?
337, 2609
What are the prime factors of 28150829?
7, 61, 65927
What are the prime factors of 8736990?
2, 3, 5, 179, 1627
List the prime factors of 354031.
354031
List the prime factors of 36589714.
2, 7, 1223, 2137
What are the prime factors of 556317?
3, 61813
List the prime factors of 178203.
3, 191, 311
List the prime factors of 10572096.
2, 3, 17, 41, 79
What are the prime factors of 5376123?
3, 643, 929
What are the prime factors of 2501264?
2, 156329
What are the prime factors of 1028843?
1028843
List the prime factors of 97330.
2, 5, 9733
What are the prime factors of 72347?
11, 6577
What are the prime factors of 529864?
2, 107, 619
List the prime factors of 1771847.
7, 11, 23011
List the prime factors of 1699285.
5, 7, 47, 1033
List the prime factors of 518926.
2, 23, 29, 389
List the prime factors of 4138941.
3, 19, 72613
What are the prime factors of 151005?
3, 5, 10067
What are the prime factors of 452928?
2, 3, 7, 337
What are the prime factors of 3310992?
2, 3, 22993
List the prime factors of 833213.
53, 79, 199
What are the prime factors of 477407?
7, 9743
What are the prime factors of 243515?
5, 113, 431
What are the prime factors of 1663721?
1663721
What are the prime factors of 1990356?
2, 3, 47, 3529
List the prime factors of 576197.
31, 18587
What are the prime factors of 7122437?
7, 509, 1999
List the prime factors of 160084.
2, 31, 1291
What are the prime factors of 1496793?
3, 498931
List the prime factors of 20378765.
5, 11, 53, 6991
What are the prime factors of 52819?
13, 17, 239
List the prime factors of 259327.
173, 1499
What are the prime factors of 344141?
7, 211, 233
What are the prime factors of 390763?
390763
What are the prime factors of 1044670?
2, 5, 11, 9497
What are the prime factors of 363380?
2, 5, 18169
What are the prime factors of 194564?
2, 127, 383
What are the prime factors of 201107?
201107
What are the prime factors of 1636009?
1636009
What are the prime factors of 12514141?
19, 658639
What are the prime factors of 526211?
7, 10739
What are the prime factors of 4810631?
7, 687233
List the prime factors of 8200625.
5, 13121
What are the prime factors of 658187?
658187
List the prime factors of 23326710.
2, 3, 5, 11, 70687
List the prime factors of 2590173.
3, 79, 3643
List the prime factors of 653401.
7, 269, 347
List the prime factors of 238229.
238229
List the prime factors of 7201858.
2, 31, 116159
List the prime factors of 2629455.
3, 5, 307, 571
List the prime factors of 1226592.
2, 3, 4259
What are the prime factors of 1143894?
2, 3, 190649
List the prime factors of 5097512.
2, 7, 227, 401
List the prime factors of 134107.
59, 2273
List the prime factors of 17892894.
2, 3, 2982149
List the prime factors of 823955.
5, 11, 71, 211
What are the prime factors of 9542221?
13, 734017
What are the prime factors of 100494?
2, 3, 1861
List the prime factors of 137220.
2, 3, 5, 2287
What are the prime factors of 616606?
2, 308303
List the prime factors of 12418326.
2, 3, 41, 71, 79
What are the prime factors of 828469?
47, 17627
What are the prime factors of 387736?
2, 17, 2851
List the prime factors of 26967211.
26967211
List the prime factors of 120419.
13, 59, 157
What are the prime factors of 1006975?
5, 47, 857
What are the prime factors of 2783077?
11, 113, 2239
List the prime factors of 586914.
2, 3, 23, 4253
What are the prime factors of 1157123?
11, 73, 131
What are the prime factors of 254224?
2, 15889
List the prime factors of 3856701.
3, 79, 16273
List the prime factors of 28579732.
2, 29, 433, 569
List the prime factors of 2101962.
2, 3, 73, 4799
What are the prime factors of 1252993?
7, 19, 9421
List the prime factors of 623670.
2, 3, 5, 20789
List the prime factors of 12180032.
2, 190313
List the prime factors of 1128677.
11, 102607
What are the prime factors of 334723?
19, 79, 223
List the prime factors of 1114740.
2, 3, 5, 11, 563
What are the prime factors of 2813583?
3, 151, 6211
List the prime factors of 5327340.
2, 3, 5, 88789
List the prime factors of 4113799.
257, 16007
What are the prime factors of 270928?
2, 7, 41, 59
What are the prime factors of 68894?
2, 7, 19, 37
What are the prime factors of 14877144?
2, 3, 206627
What are the prime factors of 165552?
2, 3, 3449
List the prime factors of 333086.
2, 13, 23, 557
What are the prime factors of 929261?
929261
What are the prime factors of 16693?
16693
What are the prime factors of 1079338?
2, 13, 41513
List the prime factors of 6273982.
2, 11, 13, 21937
List the prime factors of 1670168.
2, 23, 29, 313
List the prime factors of 1140440.
2, 5, 7, 4073
List the prime factors of 3753564.
2, 3, 19, 101, 163
List the prime factors of 182927.
182927
List the prime factors of 168804.
2, 3, 521
What are the prime factors of 79547?
13, 29, 211
List the prime factors of 59423.
7, 13, 653
What are the prime factors of 19757834?
2, 19, 519943
What are the prime factors of 4046573?
29, 139537
What are the prime factors of 1366836?
2, 3, 113903
List the prime factors of 223368.
2, 3, 41, 227
What are the prime factors of 75607?
7, 1543
What are the prime factors of 647339?
7, 11, 1201
List the prime factors of 6380900.
2, 5, 63809
What are the prime factors of 682331?
13, 73, 719
List the prime factors of 20294787.
3, 17, 383, 1039
What are the prime factors of 303254?
2, 7, 21661
List the prime factors of 443975.
5, 7, 43, 59
List the prime factors of 3403886.
2, 181, 9403
List the prime factors of 23185198.
2, 11592599
What are the prime factors of 15754122?
2, 3, 291743
List the prime factors of 11135339.
11135339
List the prime factors of 124467.
3, 7, 5927
List the prime factors of 105206.
2, 41, 1283
What are the prime factors of 1287270?
2, 3, 5, 14303
List the prime factors of 254140.
2, 5, 97, 131
List the prime factors of 6990625.
5, 2237
What are the prime factors of 1189290?
2, 3, 5, 29, 1367
List the prime factors of 10823508.
2, 3, 41, 7333
List the prime factors of 210430.
2, 5, 11, 1913
What are the prime factors of 12462984?
2, 3, 2137
What are the prime factors of 16899?
3, 43, 131
What are the prime factors of 597518?
2, 298759
List the prime factors of 536757.
3, 13, 13763
What are the prime factors of 784989?
3, 87221
What are the prime factors of 44202?
2, 3, 53, 139
What are the prime factors of 3238815?
3, 5, 215921
What are the prime factors of 169302?
2, 3, 7, 29, 139
What are the prime factors of 1873749?
3, 47, 97, 137
What are the prime factors of 150710?
2, 5, 7, 2153
List the prime factors of 2571680.
2, 5, 16073
What are the prime factors of 232151?
83, 2797
List the prime factors of 3117795.
3, 5, 347, 599
What are the prime factors of 8314621?
7, 1187803
What are the prime factors of 26119310?
2, 5, 7, 17, 47, 467
List the prime factors of 10314088.
2, 1289261
List the prime factors of 2129940.
2, 3, 5, 11833
List the prime factors of 4766866.
2, 13, 139, 1319
List the prime factors of 1608678.
2, 3, 89371
List the prime factors of 17315382.
2, 3, 7, 107, 3853
List the prime factors of 5216129.
5216129
List the prime factors of 1904269.
83, 22943
List the prime factors of 12088430.
2, 5, 1208843
What are the prime factors of 255347?
31, 8237
What are the prime factors of 884150?
2, 5, 17683
List the prime factors of 6685228.
2, 11, 151937
What are the prime factors of 1438097?
1438097
What are the prime factors of 7492471?
7, 409, 2617
What are the prime factors of 24178733?
887, 27259
List the prime factors of 14326.
2, 13, 19, 29
What are the prime factors of 3510?
2, 3, 5, 13
What are the prime factors of 712911?
3, 71, 3347
What are the prime factors of 210553?
7, 4297
What are the prime factors of 647324?
2, 161831
What are the prime factors of 27106166?
2, 41, 330563
List the prime factors of 857121.
3, 285707
What are the prime factors of 117764?
2, 59, 499
What are the prime factors of 4198931?
11, 89, 4289
What are the prime factors of 108101?
7, 15443
What are the prime factors of 101137?
19, 5323
List the prime factors of 3554126.
2, 41, 89, 487
List the prime factors of 540151.
19, 28429
List the prime factors of 724901.
724901
List the prime factors of 4543914.
2, 3, 757319
What are the prime factors of 510427?
197, 2591
List the prime factors of 186549